{"id":18,"date":"2024-12-01T12:49:21","date_gmt":"2024-12-01T11:49:21","guid":{"rendered":"http:\/\/www.charcoal-yachting.de\/?page_id=18"},"modified":"2026-01-04T11:52:47","modified_gmt":"2026-01-04T10:52:47","slug":"startseite","status":"publish","type":"page","link":"https:\/\/www.charcoal-yachting.de\/","title":{"rendered":"Startseite"},"content":{"rendered":"<header class=\"entry-header\"><\/header>\n<p style=\"text-align: center;\"><span style=\"font-size: 14pt;\">Die neuen Termine f\u00fcr den <strong><a href=\"http:\/\/www.charcoal-yachting.de\/?cat=5\"><span style=\"color: #ff0000;\">SKS<\/span><\/a><\/strong> und<a href=\"http:\/\/www.charcoal-yachting.de\/?cat=5\"><span style=\"color: #ff0000;\"><strong> SBF<\/strong><\/span><\/a> <strong>2026 <\/strong>finden Sie <a href=\"http:\/\/www.charcoal-yachting.de\/?cat=5\"><span style=\"color: #ff0000;\"><strong>HIER<\/strong><\/span><\/a><\/span><\/p>\n<p style=\"text-align: center;\"><span style=\"font-size: 14pt;\">und f\u00fcr <a href=\"http:\/\/www.charcoal-yachting.de\/?cat=6\"><span style=\"color: #ff0000;\"><strong>SRC\/UBI<\/strong><\/span><\/a> und <a href=\"http:\/\/www.charcoal-yachting.de\/?cat=6\"><span style=\"color: #ff0000;\"><strong>FKN<\/strong><\/span><\/a> <\/span><a href=\"http:\/\/www.charcoal-yachting.de\/?cat=6\"><span style=\"color: #ff0000;\"><strong><span style=\"font-size: 14pt;\">HIER<\/span><\/strong><\/span><\/a><\/p>\n<p style=\"text-align: center;\"><strong>Willkommen<\/strong><\/p>\n<p style=\"text-align: center;\">Herzlich Willkommen bei<strong> CHARCOAL YACHTING<\/strong>, der freundlichen Segel- und Yachtschule von Wolfgang Koehler.<\/p>\n<p style=\"text-align: center;\">Die <strong>CHARCOAL YACHTING<\/strong>, Segel- und Yachtschule in Hannover, ist eine durch den Deutschen Segler-Verband -DSV- anerkannte, moderne Ausbildungsst\u00e4tte.<\/p>\n<p style=\"text-align: center;\">Ich bin Mitglied im Fach-Verband der Deutschen Sportbootschulen \u2013VDS-, Inhaber der QAW \u2013 Auszeichnung f\u00fcr Qualit\u00e4tsausbildung im Wassersport, und bilden k\u00fcnftige Seglerinnen und Segler und Motorbootfahrerinnen und Motorbootfahrer nach den jeweils geltenden Sportbootf\u00fchrerschein-Verordnungen und Richtlinien in Theorie und Praxis f\u00fcr die Binnen- und Seefahrt aus. Danach folgt die anspruchsvolle und spannende Ausbildung zum Einstieg in das Hochsee-Segeln. Die Ausbildung f\u00fcr die Funkzeugnisse, See- und Binnenfunk, und Seenotsignalmittel, f\u00fcr die Sicherheit an Bord, d\u00fcrfen hier selbstverst\u00e4ndlich nicht fehlen.<\/p>\n","protected":false},"excerpt":{"rendered":"<p>Die neuen Termine f\u00fcr den SKS und SBF 2026 finden Sie HIER und f\u00fcr SRC\/UBI und FKN HIER Willkommen Herzlich Willkommen bei CHARCOAL YACHTING, der freundlichen Segel- und Yachtschule von Wolfgang Koehler. Die CHARCOAL YACHTING, Segel- und Yachtschule in Hannover, ist eine durch den Deutschen Segler-Verband -DSV- anerkannte, moderne Ausbildungsst\u00e4tte. Ich bin Mitglied im Fach-Verband &hellip; <\/p>\n<p class=\"link-more\"><a href=\"https:\/\/www.charcoal-yachting.de\/\" class=\"more-link\"><span class=\"screen-reader-text\">\u201eStartseite\u201c <\/span>weiterlesen<\/a><\/p>\n","protected":false},"author":1,"featured_media":0,"parent":0,"menu_order":0,"comment_status":"closed","ping_status":"closed","template":"","meta":{"jetpack_post_was_ever_published":false,"footnotes":""},"class_list":["post-18","page","type-page","status-publish","hentry"],"jetpack_sharing_enabled":false,"jetpack_shortlink":"https:\/\/wp.me\/P9qIZq-i","jetpack_likes_enabled":true,"jetpack-related-posts":[],"_links":{"self":[{"href":"https:\/\/www.charcoal-yachting.de\/index.php?rest_route=\/wp\/v2\/pages\/18","targetHints":{"allow":["GET"]}}],"collection":[{"href":"https:\/\/www.charcoal-yachting.de\/index.php?rest_route=\/wp\/v2\/pages"}],"about":[{"href":"https:\/\/www.charcoal-yachting.de\/index.php?rest_route=\/wp\/v2\/types\/page"}],"author":[{"embeddable":true,"href":"https:\/\/www.charcoal-yachting.de\/index.php?rest_route=\/wp\/v2\/users\/1"}],"replies":[{"embeddable":true,"href":"https:\/\/www.charcoal-yachting.de\/index.php?rest_route=%2Fwp%2Fv2%2Fcomments&post=18"}],"version-history":[{"count":18,"href":"https:\/\/www.charcoal-yachting.de\/index.php?rest_route=\/wp\/v2\/pages\/18\/revisions"}],"predecessor-version":[{"id":633,"href":"https:\/\/www.charcoal-yachting.de\/index.php?rest_route=\/wp\/v2\/pages\/18\/revisions\/633"}],"wp:attachment":[{"href":"https:\/\/www.charcoal-yachting.de\/index.php?rest_route=%2Fwp%2Fv2%2Fmedia&parent=18"}],"curies":[{"name":"wp","href":"https:\/\/api.w.org\/{rel}","templated":true}]}}